. Determine g(-354).
53
Let v(w) = w**3 + 163*w**2 + 1235*w + 173768. What is v(-162)?
-58
Let u(k) = -12*k**2 - 37*k + 507. Give u(5).
22
Let q(i) = 4*i**2 - 68*i - 193. Calculate q(-7).
479
Let q(v) = v**2 + 426*v - 31492. What is q(64)?
-132
Let h(x) = 6*x**2 + 137*x + 901. Determine h(-9).
154
Let t(b) = -b**3 + 126*b**2 - 1387*b + 2139. What is t(114)?
-27
Let h(m) = -56*m**3 + 3919*m**2 + 67*m + 322. Determine h(70).
112
Let z(g) = 698*g**3 + 6986*g**2 + 57*g - 37. What is z(-10)?
-7
Let l(c) = 7*c**3 - 57*c**2 + 97*c - 56. What is l(6)?
-14
Let k(m) = 13*m**3 - 253*m**2 + 493*m + 37. Give k(2).
115
Let m(q) = q**3 + 13*q**2 + 43*q + 356. Give m(-17).
-1531
Let c(t) = 23*t**3 + 24*t**2 - 52*t + 8. Determine c(2).
184
Let n(m) = -96288*m - 1251739. What is n(-13)?
5
Let b(q) = q**3 - 7*q**2 - 439*q + 2676. Calculate b(6).
6
Let h(q) = 1916*q - 381315. Give h(199).
-31
Let t(h) = -h**2 - 389*h - 14879. Determine t(-43).
-1
Let b(o) = o**2 + 21730*o - 413121. Give b(19).
110
Let q(o) = -81*o**2 - 1056*o - 56. Calculate q(-12).
952
Let p(d) = -2*d**3 - 21*d**2 + 2010*d + 19942. What is p(-10)?
-258
Let w(c) = -22*c**2 - 2*c + 2643. What is w(-11)?
3
Let n(i) = 5*i**2 + 456*i - 3108. Calculate n(7).
329
Let g(l) = -2*l**3 + 11*l**2 + 361*l - 38. Calculate g(16).
362
Let g(u) = -25651*u + 19340862. Determine g(754).
8
Let v(x) = 7*x**3 - 51*x**2 - 56*x - 60. Determine v(9).
408
Let f(c) = c**2 + 74*c - 49612. Give f(188).
-356
Let b(h) = -3*h**3 - 109*h**2 + 34*h + 756. Determine b(-36).
-1764
Let i(y) = y**2 + 3144*y + 25218. Determine i(-8).
130
Let y(o) = -700*o**2 - 10497*o + 28. Calculate y(-15).
-17
Let g(j) = -139*j**2 + 40312*j - 596. Calculate g(290).
-16
Let u(a) = -28085*a - 1910166. Give u(-68).
-386
Let t(b) = -22*b**2 - 42*b - 11. Calculate t(-1).
9
Let g(n) = 26203*n + 157181. Calculate g(-6).
-37
Let z(m) = -7*m**3 - 42*m**2 - 40*m + 39. Give z(-3).
-30
Let f(g) = 8*g**3 + 66*g**2 + 110*g + 68. Determine f(-5).
168
Let o(m) = m**3 + 349*m + 1069. Calculate o(-3).
-5
Let a(u) = -1282*u + 44825. Determine a(35).
-45
Let d(w) = -1974*w + 51556. Give d(26).
232
Let s(i) = 6079*i + 42675. Determine s(-7).
122
Let i(h) = h**2 + 73*h - 1752. Determine i(27).
948
Let u(h) = -400*h + 2050. What is u(5)?
50
Let p(j) = -3*j**3 + 768*j**2 + 89*j - 22769. Give p(256).
15
Let t(g) = g**3 - 568*g**2 - 469*g - 56633. Determine t(569).
267
Let n(b) = 7*b**3 + b**2 - 30*b + 49. Determine n(5).
799
Let t(a) = -13153*a - 91467. Calculate t(-7).
604
Let c(b) = b**3 - 30*b**2 - 4123*b + 126815. Calculate c(31).
-37
Let w(y) = -y**3 + 26*y**2 - 164*y + 13274. Give w(33).
239
Let m(g) = 16*g + 2367. Calculate m(36).
2943
Let a(v) = v**3 + 3*v**2 + 40*v + 1438. Calculate a(-11).
30
Let j(a) = -a**2 + 2055*a + 366271. Give j(-165).
-29
Let q(z) = -146*z - 7417. Give q(-51).
29
Let y(f) = f**3 + 9*f**2 - 38*f + 36. Give y(-5).
326
Let q(t) = -3*t**2 + 2233*t + 15649. Give q(-7).
-129
Let t(c) = -171799*c + 2405193. What is t(14)?
7
Let p(x) = -2*x**2 - 400*x - 3138. Determine p(-9).
300
Let j(s) = 453*s + 133143. What is j(-294)?
-39
Let v(d) = -9*d**2 + 129*d - 34. What is v(-13)?
-3232
Let g(r) = -1868*r**2 + 59778*r - 62. Calculate g(32).
2
Let g(v) = v**3 - 12*v**2 + 32*v - 41. Give g(9).
4
Let v(n) = 21988*n - 197904. Determine v(9).
-12
Let x(s) = -815*s + 134805. What is x(166)?
-485
Let w(t) = 184912*t + 1849115. What is w(-10)?
-5
Let l(y) = -2*y**3 + 8*y**2 + 90*y - 356. What is l(4)?
4
Let s(b) = 39*b**3 + 10022*b**2 - 254*b + 774. Give s(-257).
3
Let h(s) = 2413179*s + 7239541. Calculate h(-3).
4
Let i(x) = 12*x**2 + 25*x - 264. Give i(11).
1463
Let v(y) = 2*y**2 + 20692*y - 165661. Calculate v(8).
3
Let d(z) = -z**3 - 21*z**2 - 5742*z - 90561. Give d(-16).
31
Let b(k) = 16*k**2 + 210*k - 211. Determine b(1).
15
Let a(w) = w**2 + 13051*w - 52209. Calculate a(4).
11
Let j(o) = -9*o**2 - 3594*o + 59836. Determine j(16).
28
Let x(l) = -48*l - 6006. Determine x(-122).
-150
Let r(x) = 8*x**2 - 1544*x - 30277. Determine r(211).
107
Let s(o) = -o**3 - 6*o**2 + 4762*o + 42614. Give s(-9).
-1
Let g(s) = -140512*s - 20514745. Determine g(-146).
7
Let x(h) = 242488*h - 242499. What is x(1)?
-11
Let a(k) = 3*k**3 + 1067*k**2 - 354*k + 649. What is a(-356)?
-63
Let g(m) = 56*m**3 + 4*m**2 + 48*m - 92. Determine g(2).
468
Let x(p) = p**3 + 169*p**2 - 6652*p + 1014. Determine x(-202).
-1814
Let o(g) = 66492*g - 133017. What is o(2)?
-33
Let d(n) = -n**2 + 207*n - 4457. Calculate d(19).
-885
Let h(k) = 2*k**3 + 149*k**2 - 6677*k + 407. What is h(-106)?
301
Let l(z) = 588*z - 532. What is l(1)?
56
Let h(d) = -2*d**3 - 91*d**2 - 390*d + 4593. Calculate h(-39).
30
Let u(c) = -60399*c + 422733. What is u(7)?
-60
Let o(d) = d**3 + 5*d**2 + 134*d - 712. Calculate o(4).
-32
Let c(v) = -834*v + 6824. What is c(9)?
-682
Let p(i) = -10*i**2 - 813*i + 684. Give p(-82).
110
Let l(u) = -608*u + 4904. Calculate l(8).
40
Let y(c) = -c**3 - 86*c**2 - 1379*c + 1632. Give y(-23).
22
Let o(i) = -400*i - 61095. Calculate o(-153).
105
Let a(v) = -59834*v + 1735023. Give a(29).
-163
Let k(v) = 5*v**2 - 19954*v - 59866. Determine k(-3).
41
Let v(m) = 6061*m**2 + 212136*m - 9. Give v(-35).
-44
Let j(v) = -v**2 + 64*v - 970. What is j(39)?
5
Let c(d) = -750*d**3 - 3751*d**2 + 97*d + 516. Give c(-5).
6
Let n(r) = 1620*r + 64800. What is n(-40)?
0
Let o(u) = 1294*u**2 - 72*u + 44. What is o(2)?
5076
Let t(w) = -7*w**3 - 72*w**2 + 345*w + 65. Give t(-14).
331
Let n(s) = -18284*s + 530282. Determine n(29).
46
Let g(q) = -176*q**2 - 1386*q - 10. Calculate g(-8).
-186
Let h(n) = 789418*n + 3947078. What is h(-5)?
-12
Let s(n) = -n**3 + 2*n**2 - 29*n + 262. Calculate s(12).
-1526
Let f(j) = 3*j**3 + 256*j**2 - 1449*j - 88213. Determine f(-87).
5
Let s(k) = -10331*k + 94786. Calculate s(9).
1807
Let w(d) = -9*d**2 + 590*d + 4215. Determine w(-7).
-356
Let r(f) = -3*f**2 + 610*f + 36274. What is r(-48)?
82
Let s(t) = -t**3 - 89*t**2 + 85*t + 1167. Determine s(-90).
1617
Let n(d) = -5*d**3 + 308*d**2 - 424*d - 3247. Give n(60).
113
Let n(u) = -34*u**2 - 361*u + 38. Determine n(-10).
248
Let g(b) = 365593*b + 365590. What is g(-1)?
-3
Let o(j) = j**3 + 59*j**2 + 861*j - 108. Give o(-27).
-27
Let b(d) = -d**3 - 102*d**2 - 1075*d + 468. Determine b(-90).
18
Let z(p) = 13*p**3 - 775*p**2 - 21994*p + 302. Calculate z(-21).
8
Let b(c) = -c**3 + 60*c**2 - 748*c + 2660. What is b(8)?
4
Let y(x) = x**2 + 235*x - 4111. Calculate y(-252).
173
Let p(w) = 939*w + 104462. Calculate p(-108).
3050
Let q(z) = -z**2 - 3875*z - 296171. Calculate q(-78).
-5
Let j(d) = d**3 + 23*d**2 + 75*d - 395. What is j(-16)?
197
Let l(x) = -2*x**3 - 31*x**2 + 74*x + 884. What is l(-15)?
-451
Let m(h) = 6*h**3 + 1240*h**2 + 6052*h + 10. What is m(-5)?
0
Let l(g) = -4*g**2 - 145*g + 152524. What is l(178)?
-22
Let c(h) = -3*h**2 - 1244*h + 32827. Determine c(27).
-2948
Let z(p) = -p**3 - 25*p**2 - 117*p - 35. What is z(-18)?
-197
Let j(m) = 2*m**3 - 524*m**2 - 95741*m + 5017. Give j(386).
-1
Let y(d) = -d**3 + 75*d**2 - 136*d + 4586. What is y(74)?
-2
Let h(k) = 2*k**3 - 81*k**2 + 1402*k - 59023. Determine h(41).
140
Let w(h) = 4760*h**2 + 5759*h + 2. Calculate w(-1).
-997
Let a(n) = 4131*n**2 - 4129*n + 3. Determine a(1).
5
Let p(k) = -9*k**2 - k - 423. Determine p(-10).
-1313
Let i(a) = 2618*a - 39779. What is i(15)?
-509
Let h(c) = -99*c**2 - 9120*c - 1106. Give h(-92).
-2
Let y(o) = 2068*o + 19132. What is y(-9)?
520
Let m(h) = h**2 - 2943*h - 186253. What is m(-62)?
57
Let o(w) = w**3 + 5206*w**2 - 88787*w - 75. What is o(17)?
-7
Let m(x) = -x**3 + 131*x**2 + 9206*x - 1197780. What is m(132)?
-12
Let w(b) = b**3 + 1400*b**2 + 271909*b - 486. What is w(-233)?
-20
Let a(n) = -492*n**2 - 8795*n - 6. Give a(-18).
-1104
Let x(o) = -571*o + 7292. Give x(16).
-1844
Let m(r) = -1777*r + 300300. Give m(169).
-13
Let r(o) = 4484*o - 183209. Calculate r(41).
635
Let m(d) = -3*d**3 + 806*d**2 - 535*d - 277. What is m(268)?
-9
Let w(i) = -2*i**2 - 36*i + 112. Determine w(0).
112
Let x(n) = 20330*n - 2805530. Give x(138).
10
Let z(s) = -94*s**2 - 4866*s - 32888. Calculate z(-8).
24
Let t(i) = -2*i**3 + 317*i**2 - 1818*i - 28. What is t(6)?
44
Let q(p) = -4*p**3 + 22*p**2 - 115*p + 761. Calculate q(6).
-1
Let p(y) = 5*y**2 - 88*y +